*-2. Suppose 2*a = -2*a + b. List the prime factors of a.
2
Suppose 255 = h + 4*h. List the prime factors of h.
3, 17
Let p(n) = -n**2 + 12*n + 5. Let j(o) = 6*o**2 - 61*o - 26. Let l(f) = -2*j(f) - 11*p(f). Let t be l(-8). Let i = t + -7. List the prime factors of i.
2, 3
Suppose 3*u = -u. Suppose u = -2*r + r + 3*o + 23, r + 3*o - 5 = 0. What are the prime factors of r?
2, 7
Suppose -c + 5*u = c - 18, -4*u + 12 = 5*c. Suppose -v + 4*x = 4*v - 14, -c*v + 4 = 4*x. Suppose -v*a + 5 = -a. What are the prime factors of a?
5
Suppose -2*z + 700 = 5*z. List the prime factors of z.
2, 5
Let o(d) be the first derivative of -d**3/3 + 7*d**2/2 - d - 1. What are the prime factors of o(6)?
5
Suppose -n + 0*n = -1. List the prime factors of 1/(n/19) - 3.
2
Let r be (-9)/3*2/(-3). Let n be ((-2)/(-10))/(r/10). Suppose x + 2*o - 20 = -6, -n = -o. List the prime factors of x.
2, 3
Let u = 123 + -63. Let p(t) = t**3 - t**2 + t - 1. Let c be p(2). Suppose c*l = l + u. What are the prime factors of l?
3, 5
Let u(g) = g**3 - 5*g**2 + 6*g - 1. Let c be u(5). Let h be (-3 - 105/6)*-2. Let k = h - c. List the prime factors of k.
2, 3
What are the prime factors of -1*2 + 46 + -7?
37
Let g be 3/(-12) + 39/(-4). Let s = g - -21. Suppose s - 3 = 2*y - 2*n, 3*n - 4 = y. What are the prime factors of y?
2
Suppose 4*j + 2 = 18. Let n(d) = d**3 - 4*d**2 - d + 3. Let p be n(j). List the prime factors of (1 + -18)/(p/1).
17
Let j(c) be the first derivative of 5*c**2 + 6*c + 4. What are the prime factors of j(3)?
2, 3
Let n(x) = -x**3 + 8*x**2 + 3*x - 7. List the prime factors of n(4).
3, 23
Let m(p) be the third derivative of -p**6/80 - p**5/120 - p**4/8 + p**2. Let u(b) be the second derivative of m(b). What are the prime factors of u(-1)?
2
Let x(q) = -q**3 - 2*q**2 - 4*q - 3. Let t be x(-2). What are the prime factors of (1 - 6/15)*t?
3
Suppose -2*d = -5*d + 6. Let s be (-2)/d + (0 - -5). Suppose -n + 4*b - 37 = -4*n, -2*n - s*b = -26. List the prime factors of n.
11
Let d = -34 + 48. Let h be (-4)/d + (-666)/21. Let s = -21 - h. List the prime factors of s.
11
Let t = 7 + -31. Let c = 41 + t. List the prime factors of c.
17
Let m(r) = 9*r + 3. Let c(p) = 13*p + 5. Let q(v) = 5*c(v) - 8*m(v). What are the prime factors of q(-3)?
2, 11
Suppose 3*g - 26 = g. List the prime factors of g.
13
Let y(l) = -12*l + 1. Let m be y(-1). Suppose 2*j + m = 3*w, w + 15 = -2*j + 6*w. Let i(c) = c**3 + 6*c**2 + 4*c + 6. List the prime factors of i(j).
11
Let r be (-8 + 5)/(6/(-40)). Suppose -l = -3*k - r, 4*l + 6*k = k - 5. Let b(z) = z**3 - 6*z**2 + 7*z - 7. List the prime factors of b(l).
3
Let x(o) = -7*o + 1. Suppose -5*n + 1 = 6. Let a be x(n). What are the prime factors of -2 + 1 + a*1?
7
Let s = 464 - 215. What are the prime factors of s?
3, 83
Let r(w) = -2*w - 4. Let n be r(-4). Suppose 0 = 3*o - 3*j - 27, -j - 3 = -2*o + n*j. List the prime factors of o.
2, 7
Suppose 2*z - 6*z + 160 = 0. List the prime factors of z.
2, 5
Suppose 3*w = w - h + 45, h + 5 = 0. List the prime factors of w.
5
Let m(w) = w**2 - w - 2. Let r be m(-2). Suppose 2*x - 5*x + 25 = 4*c, 0 = c - r*x + 8. List the prime factors of c.
2
Suppose -3*y - 5 = 2*y. List the prime factors of (3/(-6))/(y/8).
2
Let v = -11 + 144. What are the prime factors of v?
7, 19
Let m = -1 - -1. Suppose m*d = 2*d. Suppose -3*b = -3*q - 6 - d, q = -3*b + 6. List the prime factors of b.
2
Let b be (-62)/(-2)*(-3 - -2). Let c = b - -22. Let o(t) = t + 20. List the prime factors of o(c).
11
Let k be (1 - 0)/(3/12). Let o = k + 8. List the prime factors of o.
2, 3
Let u(c) = 13*c**2 + 2*c - 1. Let n be u(1). Let m = 23 - n. List the prime factors of m.
3
Let r(u) = u - 4. Let w(o) = -o**3 - 7*o**2 + 10*o + 4. Let x be w(-8). Let c be r(x). Let k = c + 29. What are the prime factors of k?
13
Suppose 0 = -6*z + z - 15. Let r = 3 + z. Suppose r = -3*j - 1 + 10. List the prime factors of j.
3
Suppose 0 = 8*m - 3*m - 25. Suppose 2*p - 2*o + 1 = p, -23 = -m*p + 3*o. List the prime factors of p.
7
Let u(v) = -30*v**3 - v**2 - v + 1. Let g be u(1). Let l = g + 51. What are the prime factors of l?
2, 5
Let r(v) = v**3 + 3*v**2 - 1. List the prime factors of r(3).
53
Let f = -1 + 118. What are the prime factors of f?
3, 13
Let j(s) = -s**2 + 7*s - 3. Let n be j(6). Suppose g = 4*i - 1, -3 - 1 = 4*g + 3*i. What are the prime factors of (-26)/(-4)*(g + n)?
13
Let x be (-16)/24 - 46/(-6). Let z(g) = -g + g**3 - g - 7*g - x*g**2 + 7 + 3. List the prime factors of z(8).
2
Let i(c) = -4 + 2 + 8*c + 1 + 2*c. Suppose l = -3*l + 4. List the prime factors of i(l).
3
Let c(i) = i**3 - 9*i**2 + 5*i + 1. Let o be c(8). Let v = 45 + o. What are the prime factors of v?
2, 11
Let a = -24 + 72. What are the prime factors of a?
2, 3
Suppose 0 = 5*t + 15 - 195. Suppose -f - t = -4*f. What are the prime factors of f?
2, 3
Let p = 6 + -4. Suppose n + p*n = 42. What are the prime factors of n?
2, 7
Let u(q) = 3*q + 1. List the prime factors of u(1).
2
Let x(l) = 3 + 2*l + l - 3 - 6. List the prime factors of x(4).
2, 3
Let x = 11 + -19. Let y be 3/4 + (-26)/x. What are the prime factors of 15/y - 1/(-4)?
2
Let o be (-3)/12 - (-90)/8. Suppose 0 = 5*c - 4*n + o, -4*c + 0*n + 2*n - 4 = 0. Suppose -c = d - 19. List the prime factors of d.
2, 3
Suppose -t + 31 = -36. List the prime factors of t.
67
Suppose 3*v - 1031 = -4*t, v - 2*v - 503 = -2*t. List the prime factors of t.
2, 127
Let w(f) be the third derivative of f**5/60 + 11*f**4/24 + 13*f**3/6 - 3*f**2. What are the prime factors of w(-10)?
3
Let h = -9 - -13. Let i(y) = y**2 - 2*y. Let a be i(h). What are the prime factors of a/(-5)*50/(-4)?
2, 5
Let a = 1 - -1. Suppose -3*o - a*q - 2 = 0, 3*o = 2*q + 5 - 3. What are the prime factors of -1 + 36/3 - o?
11
What are the prime factors of ((-2)/3)/((-2)/33)?
11
Let t be (-2 - 0)/((-4)/14). Let q(l) = l**2 - 8*l + 7. Let j be q(t). Suppose 5*d + j*d - 40 = 0. List the prime factors of d.
2
Let n = -71 - -132. List the prime factors of n.
61
Suppose 8*b + 68 = 516. List the prime factors of b.
2, 7
Let t be (30/9)/(2/3). Suppose v - 3*i + 7 = 2*v, v + i = t. Let u = 0 + v. What are the prime factors of u?
2
Suppose 0 = 3*l + 2*l - 40. Suppose j + j = l. Let x = 0 + j. What are the prime factors of x?
2
Let h(n) = 3*n - 1. Let x be (11/3 - 2)*3. List the prime factors of h(x).
2, 7
What are the prime factors of (-13)/((-1)/4 - 4/16)?
2, 13
Let x = 14 - 42. Let m = -19 - x. What are the prime factors of m?
3
Suppose f = 5*f. Suppose -4*r - 2 - 6 = f, -2*w + 10 = -2*r. Suppose 2*p + 24 = w*s, 3*p + 2*p - 15 = -5*s. List the prime factors of s.
2, 3
Suppose 5*s + 6 = 3*s. Let u be (-14)/s - 3/(-9). Suppose -51 = -4*m + 3*b, -3*m + 22 = 2*b + u. What are the prime factors of m?
3
Let n(p) = p**2 - 8*p - 5. Let m = 31 + -22. Let k be n(m). Suppose 0 = -4*s + k + 4. What are the prime factors of s?
2
Let m = 505 - 305. Suppose -4*q = q - m. What are the prime factors of q?
2, 5
Let i = 80 - 69. What are the prime factors of i?
11
Let l(w) = -w**3 - 7*w**2 - 5*w + 8. Let o be l(-6). What are the prime factors of (-3)/o*(-368)/24?
23
Let z(o) be the first derivative of o**3/3 + 6*o**2 - 21*o - 2. List the prime factors of z(-15).
2, 3
Let w(h) = -2*h**2 + h + 2. Let y be w(-4). Let p = y + 53. What are the prime factors of p?
19
Let z(j) = -2*j - 9. Let y(d) = 2*d + 9. Let n(a) = 3*y(a) + 2*z(a). Let f(h) = -h - 9. Let c(x) = -3*f(x) - 2*n(x). What are the prime factors of c(4)?
5
Let q(f) = -f**2 + 4*f + 4. Let d be q(4). Suppose v - 19 = 2*k, 3*k + 0*k = d*v - 56. What are the prime factors of v?
11
Suppose 69 = 3*j - 0*j + 3*u, 33 = j + 3*u. What are the prime factors of j?
2, 3
Let b(n) = 32*n**2 + 2*n - 1. What are the prime factors of b(1)?
3, 11
Suppose 0*m - 270 = -3*m. List the prime factors of m.
2, 3, 5
Let u(y) = y**3 + 4*y**2 + 8. Let j(w) = -w**3 + w**2 + w - 4. Let a be j(0). List the prime factors of u(a).
2
Suppose -f + 70 = 4*f. List the prime factors of f.
2, 7
Suppose 2*m - 10 = 3*t, 5*t + 5*m - 4 - 21 = 0. Suppose 0 = -5*w - t + 70. What are the prime factors of w?
2, 7
Let o be 3 - 0*3/9. Suppose o*x - 28 = -7. What are the prime factors of x?
7
Suppose 4*h = 14 + 2. Suppose h*b - 62 = -v + 3*v, -b + 21 = 5*v. What are the prime factors of b?
2
Let k = 